-3*u - 5*m. What are the prime factors of u?
3, 461
Suppose z - 485 = 196. What are the prime factors of z?
3, 227
Let t be 2/(-3) + 255/45. Suppose 0 = t*l - 79 - 266. List the prime factors of l.
3, 23
Let z(d) = -13*d + 1. Let x be z(-1). Suppose -4*r - x = -i - i, -5*r = -5*i + 30. List the prime factors of (0 - -3)*r + 14.
11
Suppose -2*u - x = -5729, 118*u - 5*x - 11493 = 114*u. What are the prime factors of u?
47, 61
List the prime factors of (-6797)/(-5) + 387/45 + -8.
2, 5, 17
Let x = 136 + -82. Suppose -2*s = -l, 5*l - 3 - 4 = 3*s. Suppose -l*f - f = -x. What are the prime factors of f?
2, 3
Let x(c) = c**3 - 4*c**2 - 56*c + 6. What are the prime factors of x(11)?
3, 79
Let d(k) = k**2 - 8*k - 51. What are the prime factors of d(15)?
2, 3
Suppose -2*z - 4*f = -0*z - 8, 2*z + 3*f - 8 = 0. List the prime factors of ((-6)/z)/(3/(-20)).
2, 5
Let w(n) = 11*n + 8. Let q be (4 - (6 - 4)) + 8. List the prime factors of w(q).
2, 59
Suppose -1482*g + 9360 = -1474*g. What are the prime factors of g?
2, 3, 5, 13
Suppose -2*k - 7729 = -5*o, 3*o - 4637 = 9*k - 8*k. What are the prime factors of o?
3, 5, 103
Let b(p) = p**2 + 5*p + 2. Let o be b(-4). Let q be 704/(-33) - o/6. Let x = q + 63. What are the prime factors of x?
2, 3, 7
Suppose g - 1 = -5*r - 4, -2*g - 4*r + 24 = 0. Let s = g + -24. What are the prime factors of s*3/(-6) + 38?
3, 13
Let k(a) = -a**3 - 3*a**2 - a. Let r be k(-3). Suppose 2*c = -0*c + 4*t + 320, 4*c + 4*t = 652. Suppose -r*n = -n - c. List the prime factors of n.
3
List the prime factors of (-4)/(-34) - 1/(51/(-10347)).
7, 29
Suppose 0 = 51*y - 64117 - 5039. List the prime factors of y.
2, 3, 113
Let i(u) = -u**2 - 59*u - 71. List the prime factors of i(-23).
757
Let g be 4 + 7/((-21)/207). Let h = 141 + g. List the prime factors of h.
2, 19
Let t = 257 + -139. Let u = t + -56. What are the prime factors of u?
2, 31
Suppose 2*q - 4*f = 570, 0*q = 4*q + 2*f - 1110. Let o = q + -162. List the prime factors of o.
3, 13
Suppose -5*r + 73 - 13 = 3*u, -r + 3*u = 6. Suppose r*y - 4*y = 5, 388 = f + y. Suppose 0 = 4*h - f + 87. What are the prime factors of h?
3, 5
Let a(l) = l**3 + 2*l**2 + 7*l + 47. List the prime factors of a(9).
7, 11, 13
Let x = 701 - 480. Let l = x - 144. What are the prime factors of l?
7, 11
Let d = 300 + -177. Suppose -6*w = -d - 315. What are the prime factors of w?
73
Let s = 820 - -878. Let p be 13/65 - s/(-10). Suppose 0 = 2*o + 3*o - p. List the prime factors of o.
2, 17
Let k = 137 + -74. What are the prime factors of k?
3, 7
Suppose -9 + 29 = 5*t. Let v(k) = t*k + 5 - 11 + 11 + 8. What are the prime factors of v(6)?
37
Let d be 4/6*(4 + 5/(-2)). What are the prime factors of (90 - d)*2/(-4)*-2?
89
Suppose 23 = -4*v + 35, -2*s + 5*v + 135 = 0. Let b = 15 + -11. Suppose -3*g - 4*h = -137, -b*g = -h - 133 - s. List the prime factors of g.
3, 17
Let p = -11 + 23. Suppose 0 = 2*k + 2*k - p. Suppose 0*h = 3*h - k*w - 30, -15 = -2*h + 3*w. What are the prime factors of h?
3, 5
What are the prime factors of 5/(-5)*(2 + 0 + -23)?
3, 7
Let y be (-2)/2 + 21 + -16. Let t(u) = u**3 + 2*u - 5. List the prime factors of t(y).
67
Let j = -46 + 50. Suppose 7*w - 150 = j*w. List the prime factors of w.
2, 5
Suppose 3*x = 419*p - 423*p + 2773, -4*x = 5*p - 3697. List the prime factors of x.
13, 71
Suppose -25*t + 15*t = -4060. List the prime factors of t.
2, 7, 29
Suppose 3*s + 0*s - 4*i = 540, 900 = 5*s + 2*i. Let r(v) = v**3 + 9*v**2 + 9*v + 2. Let q be r(-6). Suppose 4*h - s = -q. List the prime factors of h.
31
Suppose -9*x + 2477 = -2950. What are the prime factors of x?
3, 67
Suppose 9960 = 1047*w - 1032*w. List the prime factors of w.
2, 83
Let z = 0 + 5. Suppose -z*p = -p. Suppose p = 2*f + 10, 0 = -o + 2*o - 5*f - 31. List the prime factors of o.
2, 3
Let o(m) = m**2 - 3*m - 3 + 13 - 3 + 7. What are the prime factors of o(9)?
2, 17
Let n(i) = i**3 - 10*i**2 + 10*i - 4. Let f be n(10). Suppose -3*j = -51 - f. What are the prime factors of j?
7
Let c(r) = r + 12. Let d be c(0). Suppose 0 = 2*s - 5*x - 28, 5*x + 11 = -9. Suppose 0 = -s*g, k + 2*g - d = 4*g. List the prime factors of k.
2, 3
Suppose 8 = 3*s - 5*g - 7, 12 = s - 4*g. Suppose -3*t - 3*b = -b - 334, s = 3*t - 2*b - 350. What are the prime factors of t?
2, 3, 19
Let i = -71 + 70. List the prime factors of (5 - i)/((-69)/46) + 208.
2, 3, 17
Suppose s + 2*z = 4*s - 16, 3*z - 6 = -3*s. Let j = -123 - -34. What are the prime factors of 4/(-16) - j/s?
2, 11
Let p(t) = -12*t**3 - 3*t**2. Let c be p(-2). Suppose -3*w + o = -2*o - c, -4*w + 2*o = -122. List the prime factors of w.
3, 11
Let a(m) = 630*m + 9. What are the prime factors of a(1)?
3, 71
What are the prime factors of -601*(-56)/49*(-28)/(-8)?
2, 601
Let h(k) = k**2 - 8*k + 9. Let t be h(5). Let g = 9 + t. List the prime factors of 1/(100/32 - g).
2
Suppose -h = 2*h - 30. Let m = 83 - 77. Let q = h - m. What are the prime factors of q?
2
Suppose 0 = -5*u - 28 + 13. What are the prime factors of u/(-9) + (-340)/(-6)?
3, 19
Let o(w) = 6*w**3 + 17*w**2 - 9*w - 11. List the prime factors of o(7).
3, 313
Let w(h) = -62*h**3 + 4*h**2 + 20*h - 2. List the prime factors of w(-3).
2, 103
Let r = 503 + -274. Suppose -4*u + 2 = 3*j - r, 280 = 5*u + 2*j. What are the prime factors of u?
2, 3
Let k = -65 - -70. Suppose -7*i - 3*g = -3*i - 422, k*i - 4*g - 543 = 0. What are the prime factors of i?
107
Let y(i) = i**2 + 14*i - 39. List the prime factors of y(6).
3
Suppose 11*x = 16*x - 30. Suppose 0 = -3*n + x*n - 84. List the prime factors of n.
2, 7
Suppose -o - 1 = -26. Let m be 30/o*980/8. Suppose 0 = -0*k + 3*k - m. What are the prime factors of k?
7
Suppose 153 - 452 = -b. List the prime factors of b.
13, 23
Let l = 19 + -17. List the prime factors of (-540)/(-28) - l/7.
19
Let b = 1740 + -844. What are the prime factors of b?
2, 7
Suppose -2*g - 2*g + 5 = -3*x, -2 = -4*x + g. What are the prime factors of (-178)/(-2) + -2 + x?
2, 11
Suppose -233 = -3*b - 4*h - 42, 0 = -5*b + 2*h + 327. Suppose -4*s = s - 4*z - 432, -5*s + 450 = 5*z. What are the prime factors of s/10 + 13/b?
3
Let u = 352 - -704. What are the prime factors of u?
2, 3, 11
Suppose -5*k - 1459 = -z, -5*z = 5*k - 3283 - 4102. List the prime factors of z.
2, 11, 67
Let r(m) be the first derivative of 13*m**2/2 - 2*m + 3. Let z be r(-5). What are the prime factors of z/(-5) - (-14)/(-35)?
13
Suppose -567 = -b + 801. List the prime factors of b.
2, 3, 19
Let g(i) = i. Let q(v) be the third derivative of -7*v**4/12 - 5*v**3/2 + 7*v**2. Let x(n) = 6*g(n) + q(n). List the prime factors of x(-6).
3, 11
Suppose 0 = 3*h + 4*f + 13, 4*h + 0*h + f = 0. Suppose -2*y + r + h = 0, 0 = 5*y - 3*r - 3. Suppose -4*u + y = -8. What are the prime factors of u?
2
Let j(q) = -q**2 + 12*q + 7. Let v be j(13). Let r = -91 + v. Let o = 172 + r. What are the prime factors of o?
3, 5
Let n be (-1)/1*-1 + 1. Suppose 0 = -2*k - 15*k + 17. List the prime factors of (-1 + k/n)*-44.
2, 11
Let b = -12 + 38. Let i = b - 11. What are the prime factors of i?
3, 5
Suppose 50 = -k - 3*h, -2*k - 5*h - 56 = -10*h. Let o = -17 - k. What are the prime factors of o?
3, 7
Suppose 2*i - 4926 = -3*o - o, -4*i - 2*o = -9828. List the prime factors of i.
5, 491
Suppose 2*v = -45 + 9. Let j = 29 + v. Let m = j + -6. List the prime factors of m.
5
Let j = 1704 - 1576. What are the prime factors of j?
2
Suppose 3*o = 3*p + 6*o - 12, -3*p + 20 = -5*o. Suppose p*d = 2*z - 125, 0 = 3*d - 5*d - 2. List the prime factors of z.
2, 3, 5
Let c(z) = 8*z**2 + 3*z. Let f be c(-2). Suppose 2*h + 323 = 391. Suppose -h = -3*u + f. What are the prime factors of u?
2, 5
Let i(d) = 12*d**2 + 2*d - 10. What are the prime factors of i(7)?
2, 37
Suppose 57*k = 42*k + 8640. What are the prime factors of k?
2, 3
Let a be (0 + 0)*(-4)/(-4). Suppose -4*h + 342 - 66 = a. List the prime factors of h.
3, 23
Let r(o) = -o**3 + o**2 + o - 2. Let z be r(0). Let t be (10/4)/(z/20). Let y = t - -32. What are the prime factors of y?
7
Let q(n) = -n**3 + 7 - 9 + 18 - 13*n**2 - 6*n. List the prime factors of q(-13).
2, 47
Let o be 81/6 + (-2)/4. Suppose -150 = -8*z + o*z. Let x = z - -100. List the prime factors of x.
2, 5, 7
Let c be (15/20 - 2/(-8)) + 12. Let r(q) = q**2 - 11*q + 24. What are the prime factors of r(c)?